4 + -4?
620
In base 5, what is 21 + 2130?
2201
In base 10, what is 3 - 524?
-521
In base 2, what is 10100001 - 1000?
10011001
In base 6, what is -3205 - 2?
-3211
In base 3, what is 100110 + 2?
100112
In base 7, what is 40 + 335?
405
In base 8, what is -1 + -167?
-170
In base 16, what is 1 + -55?
-54
In base 8, what is -4576 + -2?
-4600
In base 9, what is 283 + 4?
287
In base 11, what is -364 - -3?
-361
In base 15, what is 5 - 1?
4
In base 2, what is 0 + -10000010110?
-10000010110
In base 5, what is 213032 + -10?
213022
In base 14, what is -b9 + 2?
-b7
In base 3, what is 210 + -10112?
-2202
In base 3, what is -10111 + -121?
-11002
In base 6, what is 4 - 21?
-13
In base 2, what is 110 + 110101?
111011
In base 3, what is 200210 + -2?
200201
In base 14, what is 63 - -16?
79
In base 13, what is -2 - 1c0?
-1c2
In base 5, what is 14001 - 1?
14000
In base 7, what is -123 + 1402?
1246
In base 12, what is -a + -13?
-21
In base 10, what is -4 - -28?
24
In base 16, what is -8b + -9?
-94
In base 13, what is 5 - -4?
9
In base 12, what is a6 + -3?
a3
In base 11, what is 32 + -12?
20
In base 10, what is 5 + -564?
-559
In base 4, what is 3 - -1012?
1021
In base 13, what is -9a + -12?
-ac
In base 2, what is 1 + -1111001?
-1111000
In base 4, what is 103 - 200?
-31
In base 6, what is -4 + 454?
450
In base 12, what is 4 + 323?
327
In base 11, what is -2 - -25?
23
In base 3, what is 1110010 - 10?
1110000
In base 3, what is -2000 + -22121?
-101121
In base 7, what is 133 - 45?
55
In base 2, what is -11010 - -101?
-10101
In base 4, what is 100 + 230?
330
In base 13, what is 2 + -52?
-50
In base 12, what is -50 + -1?
-51
In base 7, what is -123 + -3?
-126
In base 5, what is -12 + 23?
11
In base 6, what is 3 + 203?
210
In base 6, what is -3323 + -3?
-3330
In base 10, what is 729 + -2?
727
In base 2, what is 1100000001 - -1110?
1100001111
In base 13, what is 9 - c93?
-c87
In base 7, what is 1 + 214?
215
In base 6, what is 2122 - 51?
2031
In base 11, what is 5993 - -2?
5995
In base 6, what is -2500 + -2?
-2502
In base 11, what is 18 + -2?
16
In base 12, what is 0 - -5?
5
In base 10, what is 99 + 3?
102
In base 3, what is 112111 + 10?
112121
In base 12, what is 15 - 7?
a
In base 6, what is -31 - 331?
-402
In base 15, what is 2 + -1?
1
In base 6, what is 555 + 34?
1033
In base 6, what is -2 + 3404?
3402
In base 2, what is 11 + 110000?
110011
In base 9, what is -27 - 24?
-52
In base 8, what is -255 + 5?
-250
In base 13, what is 26 - -238?
261
In base 10, what is 542 - 6?
536
In base 6, what is -111 - 4?
-115
In base 9, what is 28 + -37?
-8
In base 5, what is -334 - 231?
-1120
In base 12, what is 81b - a?
811
In base 2, what is 110000000 - -10?
110000010
In base 10, what is -30 - 112?
-142
In base 9, what is 1312 - 6?
1305
In base 11, what is -310 - 15?
-325
In base 14, what is 0 - 7?
-7
In base 2, what is 111001010001001 + 11?
111001010001100
In base 15, what is -3 - b2?
-b5
In base 6, what is 5 - -544?
553
In base 16, what is -6b - 1?
-6c
In base 3, what is 10100 + 12?
10112
In base 15, what is 5 + -91?
-8b
In base 8, what is 72 + -22?
50
In base 5, what is 0 - -22042?
22042
In base 14, what is -5 - 89?
-90
In base 9, what is -671 - -40?
-631
In base 2, what is -100 + -10101011111?
-10101100011
In base 2, what is 10 - -100101?
100111
In base 6, what is -14 - -5?
-5
In base 11, what is -28a2 - 3?
-28a5
In base 16, what is 2b - -b?
36
In base 4, what is 3 + 2?
11
In base 9, what is 1585 + -20?
1565
In base 2, what is -10 + -11000?
-11010
In base 14, what is 2 - 84?
-82
In base 15, what is 3 - 14e8?
-14e5
In base 4, what is -3 + -2023110?
-2023113
In base 5, what is -32400 - 13?
-32413
In base 7, what is -123 - 42?
-165
In base 2, what is -101010 + -100?
-101110
In base 10, what is -7 - 30?
-37
In base 16, what is 8 + -54e?
-546
In base 14, what is 1 + -13?
-12
In base 6, what is 122 + 25?
151
In base 13, what is 5 - -c00?
c05
In base 9, what is 12 + -68?
-56
In base 16, what is -6e + -1?
-6f
In base 9, what is 21 - 15?
5
In base 2, what is -101 + 110111?
110010
In base 2, what is 1000001 + 101011?
1101100
In base 4, what is -3000 + 1?
-2333
In base 5, what is -4 - 2121?
-2130
In base 6, what is 3 + -224?
-221
In base 16, what is -2d8 + -5?
-2dd
In base 15, what is 126 - -5?
12b
In base 3, what is -112 - -10110?
2221
In base 16, what is 236 + -8?
22e
In base 2, what is 101000100101 + -11?
101000100010
In base 11, what is 21 - 1a?
2
In base 12, what is 0 - -b2?
b2
In base 7, what is 121 - -2?
123
In base 2, what is -10 - 11111001000?
-11111001010
In base 12, what is -11 + -185?
-196
In base 3, what is 102112 + 12?
102201
In base 11, what is -5 - 2a?
-34
In base 14, what is -d6 + 2?
-d4
In base 8, what is 5 - -1231?
1236
In base 16, what is -1 + 7d?
7c
In base 5, what is -42 - -1322?
1230
In base 6, what is 404 + -2?
402
In base 4, what is 1 + 1102?
1103
In base 8, what is -3 - 14742?
-14745
In base 9, what is -35 - -6?
-28
In base 3, what is -11222011 + -12?
-11222100
In base 11, what is -72 + -87?
-149
In base 6, what is -4103 - -30?
-4033
In base 8, what is -24 + -11?
-35
In base 7, what is 1 - 5002?
-5001
In base 2, what is 11111110110 + -10?
11111110100
In base 8, what is -1155 - -1?
-1154
In base 2, what is -1110 + -111?
-10101
In base 8, what is 5 - 4?
1
In base 5, what is 3 - 40023?
-40020
In base 16, what is aa - 2?
a8
In base 16, what is a + -5?
5
In base 2, what is -1011 - -11?
-1000
In base 6, what is -2 + 12133?
12131
In base 14, what is 2 - 73?
-71
In base 10, what is 100 + 16?
116
In base 15, what is -5 + -24?
-29
In base 4, what is 10 + 112?
122
In base 2, what is -1100 + 100111?
11011
In base 4, what is -120221 - 11?
-120232
In base 5, what is -20 + 1102?
1032
In base 8, what is -3 + 50?
45
In base 6, what is 1203 + -5?
1154
In base 16, what is -4b1 + -1?
-4b2
In base 13, what is -31 - -b?
-23
In base 5, what is -22 - 1?
-23
In base 11, what is -2 - 306?
-308
In base 9, what is -70 + 30?
-40
In base 10, what is 6377 + 4?
6381
In base 5, what is -12 - -10330?
10313
In base 16, what is -4b - 1?
-4c
In base 10, what is 8471 - -4?
8475
In base 10, what is 141 + 0?
141
In base 12, what is 3 - -277?
27a
In base 7, what is 15462 + -5?
15454
In base 9, what is 34 + 23?
57
In base 2, what is 10 + 100111111?
101000001
In base 15, what is -3 + 1e1?
1dd
In base 16, what is -4 - -955?
951
In base 12, what is -3 + 103?
100
In base 5, what is -3 + 101230?
101222
In base 2, what is 101 - -1110101?
1111010
In base 12, what is -236 + -1?
-237
In base 15, what is -6 + -1540?
-1546
In base 5, what is 12213 + 3?
12221
In base 13, what is 37 + -3?
34
In base 4, what is -11 - 1132010?
-1132021
In base 7, what is -2 + 2?
0
In base 3, what is -202012211 - -10?
-202012201
In base 6, what is -1231 - -1?
-1230
In base 9, what is -1 + -55?
-56
In base 2, what is -1 - 11011100?
-11011101
In base 16, what is 0 + 7a0?
7a0
In base 8, what is 146 - 5?
141
In base 7, what is 15 - 1356?
-1341
In base 8, what is -11 + 1162?
1151
In base 13, what is 38 + -56?
-1b
In base 2, what is -1101111101 - -10?
-1101111011
In base 11, what is -1 + -1730?
-1731
In base 5, what is 134 - 2?
132
In base 9, what is 3 + -4575?
-4572
In base 15, what is -89 + 15?
-74
In base 11, what is -5 + -83?
-88
In base 6, what is 20 + -24?
-4
In base 13, what is 23 - 5?
1b
In base 7, what is -5 - -151?
143
In base 12, what is -230 + 0?
-230
In base 8, what is -260 + -14?
-274
In base 13, what is -5 + 55?
50
In base 5, what is -1 + 313?
312
In base 2, what is -11100 + 1001100?
110000
In base 12, what is 243 - 2?
241
In base 9, what is -54 + 11?
-43
In base 13, what is 43 + 2?
45
In base 3, what is -1201 - -12?
-1112
In base 6, what is -14 + 22?
4
In base 7, what is -135 + -33?
-201
In base 6, what is -10 + 21?
11
In base 7, what is -214 - -2?
-212
In base 7, what is 3 - 255?
-252
In base 4, what is 11 + 22111?
22122
In base 8, what is 3 - -106?
111
In base 9, what is -1456 - -4?
-1452
In base 4, what is -10 + -300?
-310
In base 11, what is -2 - 3?
-5
In base 10, what is 206 - 11?
195
In base 6, what is -4303 + -4?
-4311
In base 10, what is 22 - 30?
-8
In base 7, what is 3643 + 21?
3664
In base 2, what is 10111000 + -11?
10110101
In base 3, what is -10 - -211?
201
In base 5, what is 220 - -33?
303
In base 16, what is 3 - -34